626?
False
Does 28 divide 5048?
False
Does 7 divide 1106?
True
Is 235 a multiple of 47?
True
Does 7 divide 8043?
True
Does 20 divide 155?
False
Is 144772 a multiple of 68?
True
Does 11 divide 20?
False
Is 49019 a multiple of 139?
False
Does 7 divide 1679?
False
Does 13 divide 1064?
False
Is 5583 a multiple of 45?
False
Is 20 a factor of 3240?
True
Is 17 a factor of 2193?
True
Does 115 divide 49782?
False
Does 151 divide 17341?
False
Does 2 divide 3180?
True
Does 35 divide 4282?
False
Does 109 divide 5014?
True
Does 12 divide 577?
False
Is 3318 a multiple of 6?
True
Is 11896 a multiple of 7?
False
Does 43 divide 57364?
False
Is 60 a factor of 65635?
False
Is 11 a factor of 1683?
True
Is 289 a multiple of 4?
False
Is 34908 a multiple of 13?
False
Does 101 divide 5858?
True
Is 2900 a multiple of 101?
False
Does 40 divide 4756?
False
Does 17 divide 63138?
True
Does 27 divide 1707?
False
Is 95 a multiple of 12?
False
Does 28 divide 7252?
True
Does 57 divide 2732?
False
Is 38104 a multiple of 88?
True
Is 18 a factor of 916?
False
Is 27076 a multiple of 28?
True
Is 5203 a multiple of 35?
False
Is 44 a factor of 1276?
True
Does 53 divide 2756?
True
Does 2 divide 10683?
False
Is 448 a multiple of 30?
False
Does 13 divide 1482?
True
Does 8 divide 322?
False
Is 3430 a multiple of 19?
False
Does 117 divide 11536?
False
Does 6 divide 2266?
False
Is 1274 a multiple of 36?
False
Is 18 a factor of 1644?
False
Is 19 a factor of 4275?
True
Is 197 a factor of 133315?
False
Does 54 divide 6372?
True
Does 112 divide 1008?
True
Is 15576 a multiple of 66?
True
Is 523 a multiple of 9?
False
Is 115 a factor of 8639?
False
Is 75 a factor of 225?
True
Is 64 a factor of 4672?
True
Is 5444 a multiple of 152?
False
Is 44010 a multiple of 18?
True
Is 21 a factor of 7892?
False
Is 695 a multiple of 5?
True
Does 5 divide 14275?
True
Does 63 divide 6615?
True
Does 15 divide 61980?
True
Is 204 a multiple of 17?
True
Does 91 divide 14742?
True
Is 2 a factor of 27?
False
Is 29 a factor of 1009?
False
Is 142 a factor of 5016?
False
Does 7 divide 1719?
False
Does 9 divide 342?
True
Is 6 a factor of 3099?
False
Is 4072 a multiple of 18?
False
Does 86 divide 13244?
True
Does 178 divide 8768?
False
Is 121 a multiple of 11?
True
Does 9 divide 42538?
False
Is 105456 a multiple of 24?
True
Is 9 a factor of 15489?
True
Does 75 divide 28805?
False
Is 11 a factor of 363?
True
Is 63 a factor of 8757?
True
Does 6 divide 3422?
False
Is 14 a factor of 5600?
True
Is 1028 a multiple of 24?
False
Does 48 divide 1329?
False
Is 93 a multiple of 29?
False
Is 3515 a multiple of 60?
False
Does 156 divide 12168?
True
Is 64 a factor of 2449?
False
Does 277 divide 3047?
True
Is 1837 a multiple of 2?
False
Is 4041 a multiple of 9?
True
Does 30 divide 22652?
False
Is 27 a factor of 14580?
True
Is 78 a factor of 5384?
False
Is 20 a factor of 8748?
False
Does 11 divide 570?
False
Is 343 a factor of 92924?
False
Is 102 a factor of 15553?
False
Does 69 divide 6486?
True
Does 84 divide 18648?
True
Does 21 divide 317?
False
Does 7 divide 5455?
False
Is 83 a factor of 3818?
True
Is 1290 a multiple of 15?
True
Does 19 divide 24691?
False
Is 16 a factor of 22768?
True
Is 16719 a multiple of 23?
False
Is 36890 a multiple of 14?
True
Is 20 a factor of 62323?
False
Is 16 a factor of 122704?
True
Is 973 a multiple of 139?
True
Is 10 a factor of 3690?
True
Does 12 divide 25509?
False
Is 18 a factor of 1152?
True
Does 23 divide 230?
True
Does 225 divide 25200?
True
Is 107 a factor of 10193?
False
Does 33 divide 2772?
True
Does 12 divide 25032?
True
Is 64 a factor of 27328?
True
Does 195 divide 56135?
False
Is 532 a multiple of 14?
True
Is 1150 a multiple of 12?
False
Is 224 a multiple of 7?
True
Does 14 divide 87?
False
Does 93 divide 6025?
False
Does 145 divide 9860?
True
Is 85 a factor of 170?
True
Is 12 a factor of 54612?
True
Does 48 divide 4929?
False
Does 118 divide 6017?
False
Does 67 divide 2457?
False
Is 8 a factor of 3938?
False
Is 5604 a multiple of 22?
False
Does 30 divide 757?
False
Does 12 divide 41601?
False
Is 2850 a multiple of 35?
False
Is 11 a factor of 418?
True
Does 40 divide 2960?
True
Does 3 divide 2950?
False
Is 8354 a multiple of 8?
False
Does 23 divide 575?
True
Is 70 even?
True
Does 7 divide 3460?
False
Is 1176 a multiple of 49?
True
Is 13463 a multiple of 119?
False
Is 346 a factor of 35216?
False
Is 24 a factor of 21072?
True
Is 313 a multiple of 32?
False
Is 28343 a multiple of 27?
False
Is 108 a factor of 58644?
True
Does 177 divide 5133?
True
Is 5168 a multiple of 22?
False
Is 17 a factor of 816?
True
Does 96 divide 3571?
False
Is 525 a multiple of 15?
True
Is 52 a factor of 39884?
True
Is 107371 a multiple of 43?
True
Does 3 divide 5055?
True
Is 12 a factor of 408?
True
Is 25836 a multiple of 198?
False
Is 6643 a multiple of 9?
False
Is 6 a factor of 780?
True
Does 22 divide 534?
False
Does 80 divide 1760?
True
Is 18 a factor of 396?
True
Is 19 a factor of 2033?
True
Is 59 a factor of 1373?
False
Does 17 divide 476?
True
Does 24 divide 70600?
False
Does 8 divide 440?
True
Is 16 a factor of 2615?
False
Is 13230 a multiple of 14?
True
Does 230 divide 104019?
False
Is 25 a factor of 9525?
True
Does 106 divide 4721?
False
Is 5267 a multiple of 27?
False
Is 435 a multiple of 15?
True
Is 45 a factor of 17495?
False
Is 5355 a multiple of 119?
True
Does 3 divide 159?
True
Is 30 a factor of 77257?
False
Is 17202 a multiple of 47?
True
Does 4 divide 117?
False
Is 322 a multiple of 2?
True
Is 2 a factor of 241?
False
Does 31 divide 527?
True
Is 50820 a multiple of 28?
True
Does 91 divide 10647?
True
Is 5 a factor of 3350?
True
Does 5 divide 167?
False
Is 12 a factor of 300?
True
Is 4659 a multiple of 3?
True
Is 3094 a multiple of 25?
False
Is 7 a factor of 4470?
False
Does 9 divide 756?
True
Is 12960 a multiple of 9?
True
Does 71 divide 7668?
True
Is 6920 a multiple of 69?
False
Is 18 a factor of 252?
True
Is 138 a factor of 29691?
False
Is 61 a factor of 854?
True
Is 13 a factor of 8138?
True
Is 8 a factor of 5790?
False
Is 85 a factor of 14686?
False
Is 13 a factor of 2275?
True
Is 4392 a multiple of 366?
True
Is 1080 a multiple of 8?
True
Is 548 a multiple of 105?
False
Does 45 divide 756?
False
Is 4257 a multiple of 33?
True
Does 52 divide 331?
False
Does 70 divide 774?
False
Is 9 a factor of 48642?
False
Is 77 a factor of 32186?
True
Is 14 a factor of 741?
False
Does 23 divide 140?
False
Is 36490 a multiple of 160?
False
Is 5 a factor of 715?
True
Is 1456 a multiple of 71?
False
Is 2 a factor of 2028?
True
Is 3 a factor of 13922?
False
Is 51710 a multiple of 255?
False
Does 12 divide 4742?
False
Does 17 divide 153?
True
Is 25 a factor of 18450?
True
Is 1155 a multiple of 3?
True
Is 682 a multiple of 22?
True
Is 1813 a multiple of 49?
True
Is 9720 a multiple of 45?
True
Is 63 a factor of 57897?
True
Does 7 divide 763?
True
Does 30 divide 36598?
False
Does 196 divide 86240?
True
Is 62 a factor of 558?
True
Is 53 a factor of 13780?
True
Does 3 divide 348?
True
Does 263 divide 59175?
True
Is 1387 a multiple of 9?
False
Is 5910 a multiple of 30?
True
Does 76 divide 10640?
True
Does 30 divide 11117?
False
Does 37 divide 7448?
False
Does 10 divide 4540?
True
Does 23 divide 6739?
True
Is 6375 a multiple of 62?
False
Is 2 a factor of 104?
True
Does 57 divide 1343?
False
Is 1489 a multiple of 20?
False
Is 734 a multiple of 80?
False
Does 52 divide 858?
False
Is 10 a factor of 1480?
True
Is 15000 a multiple of 5?
True
Is 2 a factor of 2992?
True
Is 45 a factor of 1044?
False
Is 1412 a multiple of 19?
False
Is 1070 a multiple of 10?
True
Is 40 a factor of 440?
True
Is 173 a multiple of 3?
False
Does 61 divide 800?
False
Is 17097 a multiple of 237?
False
Is 14 a factor of 1541?
False
Is 11 a factor of 1479?
False
Is 126 a multiple of 7?
True
Is 18925 a multiple of 25?
True
Does 113 divide 47957?
False
Does 5 divide 35?
True
Is 208 a multiple of 20?
False
Does 11 divide 2299?
True
Does 77 divide 16422?
False
Does 12 divide 14268?
True
Is 20 a multiple of 8?
False
Is 1410 a multiple of 141?
True
Is 188 a factor of 60626?
False
Does 19 divide 5206?
True
Is 14304 a multiple of 8?
True
Is 17000 a multiple of 20?
True
Is 12 a factor of 1536?
True
Does 170 divide 25840?
True
Is 1173 a multiple of 50?
False
Doe